2?
3592
What is the remainder when 8129244 is divided by 145165?
4
Calculate the remainder when 1926397 is divided by 642097.
106
What is the remainder when 4899890 is divided by 43?
40
Calculate the remainder when 28781560 is divided by 484.
16
Calculate the remainder when 120860965 is divided by 471.
10
Calculate the remainder when 732731 is divided by 201.
86
What is the remainder when 131368 is divided by 166?
62
Calculate the remainder when 217843 is divided by 72595.
58
What is the remainder when 57867097 is divided by 3117?
3109
What is the remainder when 5303538 is divided by 114?
30
Calculate the remainder when 365470972 is divided by 25.
22
What is the remainder when 155443 is divided by 124?
71
What is the remainder when 699512 is divided by 1724?
1292
What is the remainder when 1886828 is divided by 105?
83
Calculate the remainder when 1741355 is divided by 6152.
339
Calculate the remainder when 4645385 is divided by 282.
281
Calculate the remainder when 81603 is divided by 81326.
277
What is the remainder when 1102892 is divided by 6339?
6245
Calculate the remainder when 12451922 is divided by 1906.
24
What is the remainder when 1621259 is divided by 405305?
39
What is the remainder when 8393171 is divided by 4408?
339
Calculate the remainder when 516337 is divided by 191.
64
What is the remainder when 603523 is divided by 268?
255
What is the remainder when 60697373 is divided by 1651?
9
Calculate the remainder when 286949 is divided by 171.
11
What is the remainder when 127943 is divided by 9061?
1089
What is the remainder when 57260870 is divided by 1993?
1980
What is the remainder when 4387123 is divided by 1096?
931
What is the remainder when 865522 is divided by 1630?
1622
Calculate the remainder when 75739 is divided by 7616.
7195
Calculate the remainder when 136698 is divided by 302.
194
Calculate the remainder when 573074 is divided by 834.
116
Calculate the remainder when 58462897 is divided by 986.
985
Calculate the remainder when 115165826 is divided by 195.
191
Calculate the remainder when 101799 is divided by 1018.
1017
What is the remainder when 14344 is divided by 888?
136
Calculate the remainder when 105936 is divided by 1310.
1136
Calculate the remainder when 297256 is divided by 26937.
949
Calculate the remainder when 146565349 is divided by 50.
49
What is the remainder when 2116472 is divided by 12305?
12
Calculate the remainder when 9053938 is divided by 596.
102
Calculate the remainder when 13815533 is divided by 2302575.
83
Calculate the remainder when 29215 is divided by 1976.
1551
What is the remainder when 572451 is divided by 4181?
3835
What is the remainder when 188786 is divided by 94390?
6
What is the remainder when 6081423 is divided by 133?
131
What is the remainder when 6689998 is divided by 3344982?
34
What is the remainder when 282566 is divided by 309?
140
What is the remainder when 527836 is divided by 17593?
46
Calculate the remainder when 276905 is divided by 682.
13
What is the remainder when 3479832 is divided by 20?
12
Calculate the remainder when 83831 is divided by 81903.
1928
Calculate the remainder when 932373 is divided by 310787.
12
What is the remainder when 1431591 is divided by 102255?
21
Calculate the remainder when 3661505 is divided by 715.
705
What is the remainder when 726188 is divided by 176?
12
What is the remainder when 35402747 is divided by 2580?
2567
What is the remainder when 18873709 is divided by 286?
283
Calculate the remainder when 3506247 is divided by 4189.
54
Calculate the remainder when 10845049 is divided by 772.
765
What is the remainder when 7246107 is divided by 74702?
13
What is the remainder when 6496398 is divided by 107?
0
What is the remainder when 8923561 is divided by 224?
73
What is the remainder when 177125 is divided by 816?
53
What is the remainder when 16642 is divided by 5538?
28
What is the remainder when 23335842 is divided by 749?
747
What is the remainder when 226410127 is divided by 281?
278
What is the remainder when 671391 is divided by 24?
15
Calculate the remainder when 723632 is divided by 243.
221
What is the remainder when 22647688 is divided by 70?
28
Calculate the remainder when 1839190 is divided by 1404.
1354
What is the remainder when 1946264 is divided by 1109?
1078
What is the remainder when 911063 is divided by 911058?
5
Calculate the remainder when 149404 is divided by 549.
76
What is the remainder when 33663133 is divided by 33663117?
16
Calculate the remainder when 554678 is divided by 3225.
3203
Calculate the remainder when 43092917 is divided by 53.
48
What is the remainder when 186999536 is divided by 455?
451
What is the remainder when 622942 is divided by 23857?
2660
Calculate the remainder when 146854234 is divided by 1606.
1594
Calculate the remainder when 177823 is divided by 35310.
1273
What is the remainder when 2779301 is divided by 252637?
294
What is the remainder when 1781829 is divided by 7680?
69
What is the remainder when 2855821 is divided by 103?
43
Calculate the remainder when 6622207 is divided by 25179.
130
Calculate the remainder when 4010610 is divided by 858.
318
What is the remainder when 4442313 is divided by 80769?
18
Calculate the remainder when 455024436 is divided by 47.
46
Calculate the remainder when 14353032 is divided by 106.
102
Calculate the remainder when 222504690 is divided by 723.
717
What is the remainder when 90737511 is divided by 18?
15
What is the remainder when 988635994 is divided by 108?
106
Calculate the remainder when 754338 is divided by 8108.
294
Calculate the remainder when 242181 is divided by 80143.
1752
What is the remainder when 159655242 is divided by 9381?
3
Calculate the remainder when 6683526 is divided by 215597.
19
What is the remainder when 115106955 is divided by 127?
124
What is the remainder when 18614463 is divided by 664802?
7
What is the remainder when 3518129 is divided by 17078?
61
Calculate the remainder when 10075 is divided by 30.
25
Calculate the remainder when 14088474 is divided by 1176.
1170
What is the remainder when 318421 is divided by 2376?
37
Calculate the remainder when 393743 is divided by 19670.
343
Calculate the remainder when 32365 is divided by 6469.
20
What is the remainder when 141524 is divided by 141501?
23
What is the remainder when 306048 is divided by 306022?
26
What is the remainder when 158019 is divided by 2870?
169
What is the remainder when 16958483 is divided by 22139?
9
Calculate the remainder when 54966014 is divided by 518.
516
What is the remainder when 21170926 is divided by 2103?
25
What is the remainder when 130453 is divided by 1224?
709
What is the remainder when 15103186 is divided by 2157595?
21
Calculate the remainder when 90248089 is divided by 4460.
4449
What is the remainder when 70834 is divided by 6225?
2359
What is the remainder when 8461 is divided by 371?
299
What is the remainder when 111002 is divided by 54959?
1084
Calculate the remainder when 344328 is divided by 86068.
56
Calculate the remainder when 16230626 is divided by 18961.
10
Calculate the remainder when 14374868 is divided by 169116.
8
Calculate the remainder when 63143168 is divided by 21047718.
14
Calculate the remainder when 5224979 is divided by 8.
3
Calculate the remainder when 108724 is divided by 922.
850
What is the remainder when 69624 is divided by 69438?
186
What is the remainder when 618293 is divided by 188?
149
What is the remainder when 865047 is divided by 158?
155
What is the remainder when 54720 is divided by 441?
36
Calculate the remainder when 1169284 is divided by 116853.
754
What is the remainder when 4746704 is divided by 458?
450
What is the remainder when 53490 is divided by 53025?
465
What is the remainder when 104295 is divided by 51998?
299
Calculate the remainder when 4714146 is divided by 409.
12
What is the remainder when 5664931 is divided by 120530?
21
What is the remainder when 25063065 is divided by 602?
601
Calculate the remainder when 23496 is divided by 9112.
5272
Calculate the remainder when 4414393 is divided by 1780.
1773
What is the remainder when 34888 is divided by 16921?
1046
What is the remainder when 1255377 is divided by 195?
162
What is the remainder when 7994460 is divided by 204984